 = 0, -4*q + 26 = -q + 5*v. Suppose q*g = 11*g - 132. What is the units digit of g?
3
Let l(c) be the third derivative of -c**4/24 + 9*c**3/2 + 4*c**2. Suppose 59 - 15 = 2*k + 5*g, 0 = g - 4. What is the tens digit of l(k)?
1
Let q be 159/(6/(-2)) - 3. Let c = 94 - q. What is the tens digit of c?
5
Let a(x) = -x**2 - 1. Let v(w) = 40*w**2 - 2*w + 8. Let s(q) = 4*a(q) + v(q). What is the hundreds digit of s(2)?
1
Let y(i) = i**3 + 14*i**2 + 12*i - 8. Let k be y(-13). Let b(j) = j**3 - 5*j**2 + j + 8. What is the tens digit of b(k)?
1
Suppose -4*i + 56 = -3*x, -3*i - 2*i + 97 = 3*x. Suppose -b + 0*b + i = 0. What is the tens digit of b?
1
Let o = 34 - 21. Suppose -16 = -q + 4*k, q + 0*q = 3*k + o. Suppose 0 = -5*x + q*x + 12. What is the units digit of x?
2
Suppose 0 = 6*o + 3 - 21. Suppose -o*k - 25 = -139. What is the units digit of k?
8
Suppose 2*a + 383 - 1273 = 0. What is the tens digit of a?
4
What is the hundreds digit of 5 + -1 + (845*-2)/(-1)?
6
Let z be ((-6)/(-18))/((-2)/(-6)). Let k(g) = 2*g**2 - 2*g - 10. Let f(t) = t**2 - t + 1. Let v(j) = z*f(j) - k(j). What is the units digit of v(0)?
1
Let a(t) = 26*t**2 - 33*t + 229. What is the units digit of a(7)?
2
Let l(m) = m**3 - 8*m**2 + 6*m + 7. Let z = -10 - -17. Let x be l(z). Suppose -5*a = -x*a - 70. What is the tens digit of a?
1
Suppose -2*n + 4 = -6. Let g(w) = w**3 - 6*w**2 + 7*w - 4. Let r be g(n). Let v = 0 + r. What is the units digit of v?
6
Suppose -n = 2*h - 841, -1678 = 9*n - 11*n - 3*h. What is the tens digit of n?
3
Let b(v) = 2*v**3 + 2*v**2 - 4*v + 4. Let j be b(2). Let d be (-18)/(-4)*(-22)/(-3). Let n = d - j. What is the tens digit of n?
1
Let o = 6 - 4. Suppose 6*n - n + 2*y - 584 = 0, -n - o*y + 112 = 0. What is the units digit of n?
8
Let b(i) be the first derivative of -20*i**2 + 6*i - 15. What is the units digit of b(-2)?
6
Let b(f) = -8*f + 19. Let r be b(-10). Let q = r + -44. What is the units digit of q?
5
Let g = -14 - -21. Let j(o) = 9*o + 53. What is the hundreds digit of j(g)?
1
Let u(g) = -17*g + 15. Let h be u(6). What is the tens digit of 96/(-36)*h/4?
5
Let w = -3 + 7. Suppose 0 = -c + w + 21. What is the tens digit of c?
2
Let n(f) = -f**2 - 4*f + 10. Let s be n(-9). What is the units digit of 3/1 - (-9)/((-63)/s)?
8
Let q(v) = 4*v**2 - 58*v - 11. What is the hundreds digit of q(24)?
9
Suppose 52 = -0*m - 4*m. Let l = 38 - 5. Let p = l + m. What is the units digit of p?
0
Suppose 0 = 2*w + g, 2*w = 3*w + 3*g - 5. Let c(z) = -z**2 + z + 6. Let x be c(0). What is the units digit of (w + 22/x)*6?
6
Let p = -126 + 1049. What is the hundreds digit of p?
9
What is the tens digit of (((-396)/(-9))/(-11))/(6/(-513))?
4
Suppose -2*n + 30 + 2 = 0. Suppose -3*m = -2*l - 0*l + n, l = -3*m - 1. Let y(q) = 2*q + 3. What is the units digit of y(l)?
3
Let i(q) = 467*q**3 - q**2 + 2. Let k be i(1). Let u = -323 + k. What is the hundreds digit of u?
1
Suppose 2*c - 6*c = -4*h + 780, 5*c - 25 = 0. Suppose 2*g = -2*g + h. What is the tens digit of (-3 + 51/15)*g?
2
Let n(s) = -8*s**2 + s - 1. Let z be n(1). Let u = 0 - z. What is the units digit of u?
8
Suppose -55*a = -41*a - 8932. What is the tens digit of a?
3
Suppose 3*q - 81 = 4*c - c, 5*q + 4*c - 153 = 0. Let o = -12 - 6. Let v = q + o. What is the units digit of v?
1
Let h(i) = -4*i**3 + 2*i**2 - 1. Let u be h(-1). Suppose a = -f + 7, -2*f + 4*f - 26 = -u*a. Suppose 47 = f*o - 2*o. What is the units digit of o?
7
Let q = 2406 + -1328. What is the tens digit of q?
7
What is the hundreds digit of -4*(-4)/(-4) - -1*3072?
0
Suppose 24*p + 60 = 29*p. Suppose -10*c - 102 = -p*c. What is the units digit of c?
1
Let i(g) = -50*g + 228. What is the hundreds digit of i(-11)?
7
Suppose 101*n = 99*n + 256. What is the units digit of n?
8
Let q be (-796)/(-18) + (-6)/27. Let g = q + -13. Let k = g + -2. What is the tens digit of k?
2
Let g(z) = -2*z - 1. Let f be g(-2). Let p be f/18*-3*-16. What is the tens digit of (1 - 16)/(p + -9)?
1
Suppose -4*f = 5*d - 791, f = 4*d - 0*d - 616. Suppose 20 = -0*w + 4*w, -5*b + d = w. What is the tens digit of b?
3
Let b(k) = 3*k**2 + 9*k - 7. Suppose -25 = 5*u, u = -0*v + 5*v + 30. What is the units digit of b(v)?
7
Let d(g) = -7*g + 30. Let m be d(8). What is the hundreds digit of (m/3)/((-14)/231)?
1
Suppose 22*d - 4897 - 9579 = 0. What is the units digit of d?
8
Let k(o) = o + 7. Let z = -8 - -1. Let s be k(z). Suppose 46 = 2*i - s*i. What is the units digit of i?
3
Let h(l) = -21*l - 29. What is the units digit of h(-11)?
2
Let v(t) = 78*t - 10. What is the units digit of v(3)?
4
Suppose 0*i + 5*i = -650. Let f = i - -237. What is the tens digit of f?
0
Let c be 7 - (0 - -4) - -2. Suppose -c = 2*b - 7*b. What is the units digit of b/((44/80)/11)?
0
Let s(k) = -k**2 - 9*k - 10. Let y be s(-7). Let p be ((4 - 8) + -6)/(-2). Suppose 0 = 5*b + y*m - 125, m = 4*b + p*m - 100. What is the tens digit of b?
2
Suppose 2*u + 6 = -2*g - 2*g, 9 = 4*g - u. What is the units digit of 15 + 0 + (2 - g)?
6
Let z = -1299 - -6156. What is the units digit of z?
7
Suppose -4*l = -47*i + 42*i + 735, 2*i + 4*l - 266 = 0. What is the tens digit of i?
4
Suppose 4*w = -506 - 274. Let j = w - -335. What is the units digit of j?
0
Let f(b) = 8*b - 2. Suppose -z + 2 = -1. Let g be f(z). Let h = -18 + g. What is the units digit of h?
4
Suppose 4*q - 24 = 2*q. Let l = 11 + q. Let d = 47 - l. What is the tens digit of d?
2
Suppose -30 = 3*t + 2*t. Let y = t - -52. What is the tens digit of y?
4
Let z(r) = -r**3 + 19*r**2 + 11*r - 2. What is the hundreds digit of z(16)?
9
Let p(a) = -18*a**3 - a**2 + 2*a - 1. Let r be p(1). What is the units digit of (-4 + 2/1)*36/r?
4
What is the units digit of (5/(-10))/(117775/(-19628) - -6)?
2
Let n = -4 + 8. Suppose -59 = -n*g - 5*j + 43, -2*j = 4*g - 108. What is the tens digit of g?
2
Suppose 6*l = 4*l + 352. Let p = -77 + l. What is the units digit of p?
9
What is the hundreds digit of (724 + (-40)/8)/1?
7
Let d(a) = -32*a + 327. What is the hundreds digit of d(6)?
1
What is the tens digit of 1039/2 + 16 + 527/(-34)?
2
Let h = 8 - 12. Let d = h + 4. Suppose 0 = -d*p - p - 5*v - 24, 2*v = -2*p - 8. What is the units digit of p?
1
Suppose 0 = 6*b - b + 50. What is the units digit of 2/(-15)*303*b/4?
1
Let r(b) = 21*b**3 + 0 + b**3 + 1 - 2*b. Suppose -4 + 1 = -3*u. What is the tens digit of r(u)?
2
Let u(b) = -6*b + 21. Let a be u(-7). Suppose -2*r = -5*o - 161, -3*o = r - 2*o - a. What is the tens digit of r?
6
Let m(w) = 10*w + 4*w + 2 + w**3 + 7 - 8*w**2 - 3*w**2. What is the tens digit of m(10)?
4
Suppose -6*x + 18 = -0*x. Suppose -b - x*b + 10 = 2*h, 4*h = b + 20. Suppose -5*i + b*i = -160. What is the units digit of i?
2
Suppose 8*l - 102 = 5*l + 3*t, 16 = -4*t. What is the units digit of ((-5)/(-3))/(5/l)?
0
Let s(b) = 138*b**2 - 100*b + 474. What is the tens digit of s(5)?
2
Let x(t) = t**3 + 9*t**2 - 12*t - 20. Let c be x(-10). Suppose 5*n - 96 - 149 = c. What is the tens digit of n?
4
Suppose 13 + 28 = -b + 2*z, 3*b - 4*z = -129. Let g(a) = -a**3 + 8*a**2 + 5*a + 5. Let p be g(6). Let f = p + b. What is the tens digit of f?
6
Let i = -13 - 12. Let m = 47 - i. What is the tens digit of m?
7
Let t(l) = 2*l**2 + 55*l - 6. What is the units digit of t(-41)?
1
What is the thousands digit of (-7)/2*136300/(-203)?
2
Let o = -18 - -24. Suppose -3*a + h = 10, 5*a - h + o = -2*h. What is the tens digit of 123/6 + a/(-4)?
2
Suppose -101 = -0*f - 3*f + 2*o, 0 = 2*o + 8. Let v = f - -62. What is the units digit of v?
3
Suppose -r + f - 1 = 1, 4*f + 2 = -r. What is the tens digit of 12*(-20)/r - (3 - 1)?
1
Let l = 8250 + -5112. What is the units digit of l?
8
What is the tens digit of (-94)/(-141)*(-5886)/(-4)?
8
Let q(s) = s**2 - 7*s + 21. Let t be q(8). Suppose 4*g + 4*p = 396, -g = 2*p - t - 67. What is the hundreds digit of g?
1
What is the hundreds digit of (-19 - 947)*-1 - -2*1?
9
Let w = 1277 + -748. What is the units digit of w?
9
Suppose 5*g = 2*n + 1375, -4*n = -8*n - 20. What is the tens digit of g?
7
Let v(t) = -23*t + 25. Let j be v(-7). Suppose -5*h + 7*h = j. What is the units digit of h?
3
Suppose -3*f + 4*q = -945, 7*f - 4*f - 2*q = 951. Suppose -527 = 5*n + k, -4*n + 7*n + 2*k = -f. What is the tens digit of (-8)/(10/n*3)?
2
Let z = 114 - 56. Suppose o - 1